hat is 11020123132 (base 4) in base 14?
270370
Convert 13122340 (base 5) to base 11.
89508
What is -10100221021001 (base 3) in base 9?
-3327231
Convert 129474 (base 11) to base 6.
4203125
What is -32599a (base 13) in base 7?
-13026554
What is -1642 (base 10) in base 11?
-1263
50275 (base 10) to base 12
25117
What is -142221021 (base 5) in base 16?
-b527b
14b15c8 (base 13) to base 2
11001010010011111101110
3177611 (base 11) to base 6
315435352
What is 1733325 (base 9) in base 4?
3230010020
15c5dc (base 15) to base 14
1d6336
80db8 (base 14) to base 7
2430621
-1107033 (base 9) to base 15
-bb733
What is -53876 (base 10) in base 11?
-37529
6e4b3d (base 15) to base 2
10100001001010100001001
-6682402 (base 9) to base 7
-42401333
Convert -2121200202 (base 4) to base 5.
-130110040
What is -285b2e (base 16) in base 14?
-4cbbb0
Convert -87016 (base 9) to base 4.
-32010012
What is 31155464 (base 7) in base 10?
2619047
d0675 (base 14) to base 4
1322033033
What is -32133202 (base 4) in base 7?
-335032
What is 1688 (base 12) in base 11?
2031
What is 6b9772 (base 14) in base 2?
1110000001011000101000
-531250 (base 6) to base 5
-2334321
Convert -83886 (base 9) to base 6.
-1104253
Convert 4b36e (base 15) to base 13.
85568
101001110000111100 (base 2) to base 13
5cb31
What is 340304312 (base 6) in base 7?
103360643
-c2d2d (base 15) to base 12
-25922a
33406010 (base 7) to base 6
142000525
Convert -13262425 (base 8) to base 6.
-143433045
Convert 3410244 (base 5) to base 7.
340100
What is 3431726 (base 10) in base 5?
1334303401
-200101011 (base 4) to base 9
-221260
What is 14010042 (base 7) in base 14?
25a722
Convert -63781 (base 10) to base 14.
-1935b
-1110220020 (base 3) to base 15
-8940
-932c4 (base 13) to base 11
-1704a6
What is 31e9fa (base 16) in base 13?
8a6bcb
121579 (base 11) to base 9
322767
What is -19aad (base 14) in base 3?
-10022110202
Convert -243334 (base 9) to base 16.
-23d73
What is -4310161 (base 7) in base 14?
-d8ad8
-111414410 (base 5) to base 7
-4143126
What is 1a5b96 (base 16) in base 5?
420234012
-4ca5 (base 16) to base 8
-46245
What is 533e (base 15) in base 4?
10103021
What is -ebce (base 16) in base 5?
-3412431
What is 200221120102001 (base 3) in base 7?
151405255
2193434 (base 11) to base 7
44433444
Convert 13440124 (base 8) to base 16.
2e4054
What is -9f4ef8 (base 16) in base 9?
-21572528
Convert -4221346 (base 11) to base 3.
-111222221220022
1166320 (base 9) to base 14
12732b
Convert 929793 (base 11) to base 13.
402c5a
What is 11001021101010 (base 3) in base 13?
5a3c9c
What is -11245 (base 9) in base 16?
-1d45
12210430 (base 5) to base 10
116365
What is 205c5b (base 15) in base 4?
11313211223
1111101111110111101010 (base 2) to base 3
21202201212120
-625263 (base 10) to base 12
-261a13
-5512011 (base 6) to base 14
-71b5d
12443330 (base 5) to base 9
210221
656a1 (base 11) to base 6
2013214
Convert 7cc3 (base 16) to base 11.
21aa6
Convert -850ffd (base 16) to base 10.
-8720381
Convert 13238ac (base 13) to base 2.
10110111010010010000111
What is -110111101000110110000100 (base 2) in base 10?
-14585220
45520 (base 11) to base 12
32132
-5087001 (base 10) to base 7
-61144623
What is 4660d6 (base 16) in base 4?
101212003112
What is -25641330 (base 7) in base 3?
-11102012111120
Convert 217b51a (base 12) to base 3.
110000102112111
Convert 2bb355 (base 12) to base 9.
1355272
-300221332101 (base 4) to base 13
-2847750
Convert -11021221000100 (base 3) to base 5.
-1041004104
Convert -6b994 (base 14) to base 6.
-5343342
-20131100302 (base 4) to base 5
-1031421020
100544020 (base 6) to base 5
420141211
-144b6 (base 13) to base 10
-38174
What is -d6b4 (base 15) in base 5?
-2423034
-4440836 (base 9) to base 4
-21013032111
What is -47b4b (base 12) in base 11?
-66704
Convert 1533224 (base 7) to base 9.
350088
Convert -213232023 (base 4) to base 6.
-3253123
-5806319 (base 10) to base 5
-2441300234
2030301 (base 5) to base 9
50480
Convert -cb5c (base 14) to base 10.
-35166
-10120000 (base 5) to base 6
-1433540
What is 70b86 (base 14) in base 5?
32134221
What is -153108 (base 9) in base 7?
-541301
-110110111001100100 (base 2) to base 6
-4453020
What is 986b0 (base 14) in base 16?
5a182
What is -6a19a5 (base 14) in base 10?
-3615757
Convert 137132 (base 8) to base 10.
48730
What is 1010001111101110111001 (base 2) in base 12?
a963b5
Convert -2421151 (base 9) to base 14.
-26273a
-322fde (base 16) to base 3
-20012002201211
17087391 (base 10) to base 7
265145316
Convert 11000000110110101 (base 2) to base 10.
98741
What is 171663 (base 11) in base 8?
1006700
-552611 (base 7) to base 15
-1db38
Convert 583494 (base 10) to base 12.
241806
82f27 (base 16) to base 12
21a487
-34451312 (base 6) to base 15
-160568
Convert 7a461 (base 11) to base 8.
343174
Convert -1447631 (base 8) to base 11.
-262814
542077 (base 8) to base 16
2c43f
Convert -51626 (base 13) to base 7.
-1145540
-918ba5 (base 12) to base 10
-2275757
Convert 10335545 (base 6) to base 16.
4b4d9
-101301203000 (base 4) to base 2
-10001110001100011000000
What is -100a25 (base 11) in base 3?
-22020121200
What is 11462447 (base 8) in base 15?
34a85d
What is 1111101010101110111 (base 2) in base 6?
15000503
Convert 24550024 (base 8) to base 4.
110231000110
What is -a17703 (base 12) in base 3?
-11202010202110
2002110211020 (base 3) to base 6
35454140
224041 (base 8) to base 10
75809
5114211 (base 6) to base 11
156878
Convert e8306c (base 15) to base 7.
162615321
Convert -218482 (base 15) to base 10.
-1597397
Convert -a13069 (base 12) to base 7.
-30241245
Convert 12121002121 (base 3) to base 16.
1ae45
What is -770b4 (base 12) in base 6?
-3212344
-6311228 (base 10) to base 16
-604d3c
What is 66263572 (base 8) in base 12?
493130a
-4064609 (base 12) to base 7
-204434253
What is 1042080 (base 10) in base 3?
1221221110120
What is -553a71 (base 11) in base 5?
-211234431
1513861 (base 10) to base 2
101110001100110000101
What is 64716 (base 10) in base 4?
33303030
Convert -1390664 (base 10) to base 9.
-2548562
110011100001001101 (base 2) to base 10
211021
Convert 173715 (base 12) to base 14.
a5bb3
What is 121202121 (base 5) in base 8?
2127314
Convert 3410043 (base 5) to base 9.
101302
Convert -8822e (base 15) to base 14.
-b3886
-186310 (base 9) to base 4
-130113003
Convert 1010111103012 (base 4) to base 11.
a125363
What is 157808 (base 9) in base 12?
485a5
What is 15305401 (base 7) in base 14?
2a1801
What is 133020331231 (base 4) in base 3?
120100201210001
What is 22404330 (base 7) in base 9?
3603426
6aa96 (base 15) to base 3
122021020120
Convert 1c62c9 (base 15) to base 4.
11102303310
34b010 (base 16) to base 2
1101001011000000010000
Convert 119bb3 (base 12) to base 15.
59ec9
What is b5152 (base 16) in base 9?
1350386
Convert 30041014 (base 8) to base 14.
ba2d76
Convert 4314202 (base 7) to base 8.
2001132
What is 110140600 (base 7) in base 3?
110110002010211
Convert -15010535 (base 6) to base 13.
-150386
-43470 (base 11) to base 2
-1111011010001110
What is -1002110133 (base 5) in base 10?
-1988168
What is 205041 (base 6) in base 7?
66364
Convert -3124604 (base 10) to base 9.
-5782132
-4e2ce (base 15) to base 13
-89c81
Convert -42529 (base 12) to base 6.
-1511253
Convert -22847 (base 13) to base 16.
-f5cf
Convert -13230320332 (base 4) to base 15.
-29d2bd
Convert -175826 (base 9) to base 16.
-1aaed
3355d (base 15) to base 11
101696
What is -545555 (base 7) in base 11?
-65945
3193b (base 14) to base 5
12313214
What is 22010122210 (base 3) in base 6?
3233203
Convert -42515323 (base 6) to base 9.
-2321676
363737 (base 9) to base 5
24004201
34642 (base 9) to base 2
101101001010011
523143 (base 8) to base 16
2a663
Convert 364480 (base 11) to base 14.
11034b
What is 110100101001001001010 (base 2) in base 9?
3218228
7c6dc (base 14) to base 13
a801b
What is -1104224232 (base 5) in base 16?
-24d6ed
What is -d2c8c (base 16) in base 8?
-3226214
Convert -11112122120 (base 3) to base 9.
-145576
Convert -110111110101101010011 (base 2) to base 3.
-10102221220020
What is 11507a (base 14) in base 9?
1088371
What is -149158 (base 15) in base 12?
-3ba492
Convert 733326 (base 12) to base 10.
1809678
What is -28553 (base 15) in base 14?
-35269
110010001001010110111 (base 2) to base 9
3074027
313102220 (base 4) to base 8
672250
What is -1230512